{"id":12,"date":"2014-10-14T22:38:08","date_gmt":"2014-10-14T21:38:08","guid":{"rendered":"http:\/\/www.atelierdesylvie.be\/?page_id=12"},"modified":"2025-09-02T19:14:01","modified_gmt":"2025-09-02T18:14:01","slug":"autre-page","status":"publish","type":"page","link":"http:\/\/www.atelierdesylvie.be\/?page_id=12","title":{"rendered":"G\u00e2teaux"},"content":{"rendered":"<p><span style=\"color: #000000;\">Je vous propose des entremets l\u00e9gers, gourmands, onctueux et croquants.<br \/>\n<\/span><span style=\"color: #000000;\">Ils sont disponibles \u00e0 partir de 8 personnes.<br \/>\n<\/span><em><span style=\"color: #000000;\">G\u00e2teaux de 8p: 38\u20ac, 10<\/span><\/em><em><span style=\"color: #000000;\">p: 45\u20ac et plus de 10p: 4,30\u20ac\/par personne pour une d\u00e9coration simple.<\/span><\/em><\/p>\n<p style=\"text-align: center;\"><strong>Croquant Pralin\u00e9<\/strong><br \/>\n(Mousse chocolat, biscuit sacher, croustillant pralin\u00e9, gla\u00e7age mirroir)<\/p>\n<p style=\"text-align: center;\"><strong>Biscuit et fruits<br \/>\n<\/strong>(g\u00e9noise, cr\u00e8me fraiche vanille, sirop de framboise et fruits de saison)<\/p>\n<p style=\"text-align: center;\"><strong>Entremet Noisette Rocher<br \/>\n<\/strong>(Sabl\u00e9 noisette, dacquoise, croustillant noisette, mousse noisette, couverture rocher)<\/p>\n<p style=\"text-align: center;\"><strong>Fraisier<br \/>\n<\/strong>(biscuit cuill\u00e8re, cr\u00e8me mousseline, fraise, meringue italienne &#8211; en saison)<\/p>\n<p style=\"text-align: center;\"><strong>Charlotte poire, vanille, chocolat<br \/>\n<\/strong>(biscuit cuill\u00e8re, mousse vanille, cr\u00e8meux chocolat, poire caram\u00e9lis\u00e9e, croustillant chocolat)<\/p>\n<p style=\"text-align: center;\"><strong>Charlotte mangue passion ou fraise citron<br \/>\n<\/strong>(biscuit cuill\u00e8re, cr\u00e8meux et mousse bavaroise &#8211; en saison)<\/p>\n<p style=\"text-align: center;\"><strong>Bavarois Framboise<br \/>\n<\/strong>(Biscuit pistache, insert fruits rouges, bavarois framboise)<\/p>\n<p style=\"text-align: center;\"><strong>Cheesecake citron vert<br \/>\n<\/strong>(biscuit vanille, mousse cheesecake, insert citron vert)<\/p>\n<div id='gallery-1' class='gallery galleryid-12 gallery-columns-3 gallery-size-thumbnail'><figure class='gallery-item'>\n\t\t\t<div class='gallery-icon landscape'>\n\t\t\t\t<a href='http:\/\/www.atelierdesylvie.be\/?attachment_id=2084'><img width=\"150\" height=\"150\" src=\"http:\/\/www.atelierdesylvie.be\/wp-content\/uploads\/2021\/01\/Gateau-sylvie-chococitron-39-150x150.jpg\" class=\"attachment-thumbnail size-thumbnail\" alt=\"\" decoding=\"async\" loading=\"lazy\" \/><\/a>\n\t\t\t<\/div><\/figure><figure class='gallery-item'>\n\t\t\t<div class='gallery-icon landscape'>\n\t\t\t\t<a href='http:\/\/www.atelierdesylvie.be\/?attachment_id=2086'><img width=\"150\" height=\"150\" src=\"http:\/\/www.atelierdesylvie.be\/wp-content\/uploads\/2021\/01\/20170423_090343-150x150.jpg\" class=\"attachment-thumbnail size-thumbnail\" alt=\"\" decoding=\"async\" loading=\"lazy\" \/><\/a>\n\t\t\t<\/div><\/figure><figure class='gallery-item'>\n\t\t\t<div class='gallery-icon portrait'>\n\t\t\t\t<a href='http:\/\/www.atelierdesylvie.be\/?attachment_id=3169'><img width=\"150\" height=\"150\" src=\"http:\/\/www.atelierdesylvie.be\/wp-content\/uploads\/2024\/05\/DSC_6147-150x150.jpg\" class=\"attachment-thumbnail size-thumbnail\" alt=\"\" decoding=\"async\" loading=\"lazy\" \/><\/a>\n\t\t\t<\/div><\/figure><figure class='gallery-item'>\n\t\t\t<div class='gallery-icon landscape'>\n\t\t\t\t<a href='http:\/\/www.atelierdesylvie.be\/?attachment_id=2146'><img width=\"150\" height=\"150\" src=\"http:\/\/www.atelierdesylvie.be\/wp-content\/uploads\/2021\/03\/DSC_0811-150x150.jpg\" class=\"attachment-thumbnail size-thumbnail\" alt=\"\" decoding=\"async\" loading=\"lazy\" \/><\/a>\n\t\t\t<\/div><\/figure><figure class='gallery-item'>\n\t\t\t<div class='gallery-icon portrait'>\n\t\t\t\t<a href='http:\/\/www.atelierdesylvie.be\/?attachment_id=3423'><img width=\"150\" height=\"150\" src=\"http:\/\/www.atelierdesylvie.be\/wp-content\/uploads\/2025\/09\/DSC_1567-150x150.jpg\" class=\"attachment-thumbnail size-thumbnail\" alt=\"\" decoding=\"async\" loading=\"lazy\" \/><\/a>\n\t\t\t<\/div><\/figure><figure class='gallery-item'>\n\t\t\t<div class='gallery-icon portrait'>\n\t\t\t\t<a href='http:\/\/www.atelierdesylvie.be\/?attachment_id=3425'><img width=\"150\" height=\"150\" src=\"http:\/\/www.atelierdesylvie.be\/wp-content\/uploads\/2025\/09\/6733dc56-4dbd-4e6c-90ec-9d38cc0c955a-150x150.jpg\" class=\"attachment-thumbnail size-thumbnail\" alt=\"\" decoding=\"async\" loading=\"lazy\" \/><\/a>\n\t\t\t<\/div><\/figure>\n\t\t<\/div>\n\n<p>Vous avez un souhait\u00a0particulier? <span style=\"color: #000000;\"><a style=\"color: #000000;\" title=\"Contact\" href=\"http:\/\/www.atelierdesylvie.be\/?page_id=208\">Contactez-nous<\/a>,<\/span>\u00a0nous mettrons tout en oeuvre\u00a0pour qu&rsquo;il se r\u00e9alise.<\/p>\n<p>Si vous \u00eates allergiques ou intol\u00e9rants \u00e0 certaines denr\u00e9es, signalez-le nous. Nous nous ferons un plaisir de vous renseigner sur la pr\u00e9sence d&rsquo;\u00e9ventuel(s) allerg\u00e8ne(s) dans nos produits\/pr\u00e9parations.<\/p>\n<p>La composition de nos produits\/pr\u00e9parations peut varier d&rsquo;un jour \u00e0 l&rsquo;autre.<\/p>\n<p>&nbsp;<\/p>\n","protected":false},"excerpt":{"rendered":"<p>Je vous propose des entremets l\u00e9gers, gourmands, onctueux et croquants. Ils sont disponibles \u00e0 partir&#8230;<\/p>\n<div class=\"more-link-wrapper\"><a class=\"more-link\" href=\"http:\/\/www.atelierdesylvie.be\/?page_id=12\">Read the post<span class=\"screen-reader-text\">G\u00e2teaux<\/span><\/a><\/div>\n","protected":false},"author":1,"featured_media":0,"parent":0,"menu_order":0,"comment_status":"closed","ping_status":"open","template":"","meta":[],"_links":{"self":[{"href":"http:\/\/www.atelierdesylvie.be\/index.php?rest_route=\/wp\/v2\/pages\/12"}],"collection":[{"href":"http:\/\/www.atelierdesylvie.be\/index.php?rest_route=\/wp\/v2\/pages"}],"about":[{"href":"http:\/\/www.atelierdesylvie.be\/index.php?rest_route=\/wp\/v2\/types\/page"}],"author":[{"embeddable":true,"href":"http:\/\/www.atelierdesylvie.be\/index.php?rest_route=\/wp\/v2\/users\/1"}],"replies":[{"embeddable":true,"href":"http:\/\/www.atelierdesylvie.be\/index.php?rest_route=%2Fwp%2Fv2%2Fcomments&post=12"}],"version-history":[{"count":38,"href":"http:\/\/www.atelierdesylvie.be\/index.php?rest_route=\/wp\/v2\/pages\/12\/revisions"}],"predecessor-version":[{"id":3426,"href":"http:\/\/www.atelierdesylvie.be\/index.php?rest_route=\/wp\/v2\/pages\/12\/revisions\/3426"}],"wp:attachment":[{"href":"http:\/\/www.atelierdesylvie.be\/index.php?rest_route=%2Fwp%2Fv2%2Fmedia&parent=12"}],"curies":[{"name":"wp","href":"https:\/\/api.w.org\/{rel}","templated":true}]}}