{"id":591,"date":"2016-03-22T21:47:01","date_gmt":"2016-03-22T20:47:01","guid":{"rendered":"http:\/\/www.atelierdesylvie.be\/?page_id=591"},"modified":"2025-09-02T19:35:00","modified_gmt":"2025-09-02T18:35:00","slug":"cuppopcake","status":"publish","type":"page","link":"http:\/\/www.atelierdesylvie.be\/?page_id=591","title":{"rendered":"Cup&#038;popcakes"},"content":{"rendered":"<p>L&rsquo;Atelier de Sylvie propose des cup&amp;popcakes pour vos anniversaires, naissances, \u00e9v\u00e9nements et r\u00e9ceptions. Vanille, chocolat, marbr\u00e9 mais aussi coco, citron et fruits rouges, ils sont surmont\u00e9s d&rsquo;un gla\u00e7age ou d&rsquo;une ganache (chocolat, vanille, sp\u00e9culoos, citron).<\/p>\n<p>Le prix des cupcakes varie entre 2.00\u20ac et 3.50\u20ac en fonction de la d\u00e9coration (commande minimum 10 pi\u00e8ces).<\/p>\n<p>Le prix des popcakes varie entre 1.80\u20ac et 2.20\u20ac en fonction de la d\u00e9coration (commande minimum 20 pi\u00e8ces).<\/p>\n<p>Vous souhaitez un devis ou vous avez des questions? <strong><a title=\"Contact\" href=\"http:\/\/www.atelierdesylvie.be\/?page_id=208\">Contactez-nous!<\/a><\/strong><\/p>\n<p>Si vous \u00eates allergiques ou intol\u00e9rants \u00e0 certaines denr\u00e9es, signalez-le nous. Nous nous ferons un plaisir de vous renseigner sur la pr\u00e9sence d&rsquo;\u00e9ventuel(s) allerg\u00e8ne(s) dans nos produits\/pr\u00e9parations.<\/p>\n<p>La composition de nos produits\/pr\u00e9parations peut varier d&rsquo;un jour \u00e0 l&rsquo;autre.<\/p>\n<div id='gallery-1' class='gallery galleryid-591 gallery-columns-6 gallery-size-thumbnail'><figure class='gallery-item'>\n\t\t\t<div class='gallery-icon portrait'>\n\t\t\t\t<a href='http:\/\/www.atelierdesylvie.be\/?attachment_id=1071'><img width=\"150\" height=\"150\" src=\"http:\/\/www.atelierdesylvie.be\/wp-content\/uploads\/2016\/03\/20150801_132016-150x150.jpg\" class=\"attachment-thumbnail size-thumbnail\" alt=\"\" decoding=\"async\" loading=\"lazy\" \/><\/a>\n\t\t\t<\/div><\/figure><figure class='gallery-item'>\n\t\t\t<div class='gallery-icon portrait'>\n\t\t\t\t<a href='http:\/\/www.atelierdesylvie.be\/?attachment_id=1070'><img width=\"150\" height=\"150\" src=\"http:\/\/www.atelierdesylvie.be\/wp-content\/uploads\/2016\/03\/20160121_101527-150x150.jpg\" class=\"attachment-thumbnail size-thumbnail\" alt=\"\" decoding=\"async\" loading=\"lazy\" \/><\/a>\n\t\t\t<\/div><\/figure><figure class='gallery-item'>\n\t\t\t<div class='gallery-icon portrait'>\n\t\t\t\t<a href='http:\/\/www.atelierdesylvie.be\/?attachment_id=1085'><img width=\"150\" height=\"150\" src=\"http:\/\/www.atelierdesylvie.be\/wp-content\/uploads\/2016\/03\/cupcakes-K3-150x150.jpg\" class=\"attachment-thumbnail size-thumbnail\" alt=\"\" decoding=\"async\" loading=\"lazy\" \/><\/a>\n\t\t\t<\/div><\/figure><figure class='gallery-item'>\n\t\t\t<div class='gallery-icon portrait'>\n\t\t\t\t<a href='http:\/\/www.atelierdesylvie.be\/?attachment_id=1069'><img width=\"150\" height=\"150\" src=\"http:\/\/www.atelierdesylvie.be\/wp-content\/uploads\/2016\/03\/20160213_103817-150x150.jpg\" class=\"attachment-thumbnail size-thumbnail\" alt=\"\" decoding=\"async\" loading=\"lazy\" \/><\/a>\n\t\t\t<\/div><\/figure><figure class='gallery-item'>\n\t\t\t<div class='gallery-icon landscape'>\n\t\t\t\t<a href='http:\/\/www.atelierdesylvie.be\/?attachment_id=987'><img width=\"150\" height=\"150\" src=\"http:\/\/www.atelierdesylvie.be\/wp-content\/uploads\/2016\/02\/reine-des-neiges-150x150.jpg\" class=\"attachment-thumbnail size-thumbnail\" alt=\"\" decoding=\"async\" loading=\"lazy\" \/><\/a>\n\t\t\t<\/div><\/figure><figure class='gallery-item'>\n\t\t\t<div class='gallery-icon landscape'>\n\t\t\t\t<a href='http:\/\/www.atelierdesylvie.be\/?attachment_id=685'><img width=\"150\" height=\"150\" src=\"http:\/\/www.atelierdesylvie.be\/wp-content\/uploads\/2015\/06\/20150606_120901-150x150.jpg\" class=\"attachment-thumbnail size-thumbnail\" alt=\"\" decoding=\"async\" loading=\"lazy\" \/><\/a>\n\t\t\t<\/div><\/figure><figure class='gallery-item'>\n\t\t\t<div class='gallery-icon landscape'>\n\t\t\t\t<a href='http:\/\/www.atelierdesylvie.be\/?attachment_id=1075'><img width=\"150\" height=\"150\" src=\"http:\/\/www.atelierdesylvie.be\/wp-content\/uploads\/2016\/03\/Tchoupie-1-150x150.jpg\" class=\"attachment-thumbnail size-thumbnail\" alt=\"\" decoding=\"async\" loading=\"lazy\" \/><\/a>\n\t\t\t<\/div><\/figure><figure class='gallery-item'>\n\t\t\t<div class='gallery-icon portrait'>\n\t\t\t\t<a href='http:\/\/www.atelierdesylvie.be\/?attachment_id=1074'><img width=\"150\" height=\"150\" src=\"http:\/\/www.atelierdesylvie.be\/wp-content\/uploads\/2016\/03\/star-wars-cupcake-150x150.jpg\" class=\"attachment-thumbnail size-thumbnail\" alt=\"\" decoding=\"async\" loading=\"lazy\" \/><\/a>\n\t\t\t<\/div><\/figure><figure class='gallery-item'>\n\t\t\t<div class='gallery-icon portrait'>\n\t\t\t\t<a href='http:\/\/www.atelierdesylvie.be\/?attachment_id=1068'><img width=\"150\" height=\"150\" src=\"http:\/\/www.atelierdesylvie.be\/wp-content\/uploads\/2016\/03\/Hibou-150x150.jpg\" class=\"attachment-thumbnail size-thumbnail\" alt=\"\" decoding=\"async\" loading=\"lazy\" \/><\/a>\n\t\t\t<\/div><\/figure><figure class='gallery-item'>\n\t\t\t<div class='gallery-icon portrait'>\n\t\t\t\t<a href='http:\/\/www.atelierdesylvie.be\/?attachment_id=473'><img width=\"150\" height=\"150\" src=\"http:\/\/www.atelierdesylvie.be\/wp-content\/uploads\/2015\/01\/20150117_154630-150x150.jpg\" class=\"attachment-thumbnail size-thumbnail\" alt=\"\" decoding=\"async\" loading=\"lazy\" \/><\/a>\n\t\t\t<\/div><\/figure><figure class='gallery-item'>\n\t\t\t<div class='gallery-icon landscape'>\n\t\t\t\t<a href='http:\/\/www.atelierdesylvie.be\/?attachment_id=474'><img width=\"150\" height=\"150\" src=\"http:\/\/www.atelierdesylvie.be\/wp-content\/uploads\/2015\/01\/20150117_154636-150x150.jpg\" class=\"attachment-thumbnail size-thumbnail\" alt=\"\" decoding=\"async\" loading=\"lazy\" \/><\/a>\n\t\t\t<\/div><\/figure><figure class='gallery-item'>\n\t\t\t<div class='gallery-icon landscape'>\n\t\t\t\t<a href='http:\/\/www.atelierdesylvie.be\/?attachment_id=588'><img width=\"150\" height=\"150\" src=\"http:\/\/www.atelierdesylvie.be\/wp-content\/uploads\/2015\/04\/20150327_114940-150x150.jpg\" class=\"attachment-thumbnail size-thumbnail\" alt=\"\" decoding=\"async\" loading=\"lazy\" \/><\/a>\n\t\t\t<\/div><\/figure><figure class='gallery-item'>\n\t\t\t<div class='gallery-icon landscape'>\n\t\t\t\t<a href='http:\/\/www.atelierdesylvie.be\/?attachment_id=539'><img width=\"150\" height=\"150\" src=\"http:\/\/www.atelierdesylvie.be\/wp-content\/uploads\/2015\/03\/11058397_788017517949831_8876393276612608391_n-150x150.jpg\" class=\"attachment-thumbnail size-thumbnail\" alt=\"\" decoding=\"async\" loading=\"lazy\" \/><\/a>\n\t\t\t<\/div><\/figure><figure class='gallery-item'>\n\t\t\t<div class='gallery-icon landscape'>\n\t\t\t\t<a href='http:\/\/www.atelierdesylvie.be\/?attachment_id=679'><img width=\"150\" height=\"150\" src=\"http:\/\/www.atelierdesylvie.be\/wp-content\/uploads\/2015\/06\/20150603_172725-150x150.jpg\" class=\"attachment-thumbnail size-thumbnail\" alt=\"\" decoding=\"async\" loading=\"lazy\" \/><\/a>\n\t\t\t<\/div><\/figure><figure class='gallery-item'>\n\t\t\t<div class='gallery-icon portrait'>\n\t\t\t\t<a href='http:\/\/www.atelierdesylvie.be\/?attachment_id=525'><img width=\"150\" height=\"150\" src=\"http:\/\/www.atelierdesylvie.be\/wp-content\/uploads\/2015\/03\/20150224_135751-150x150.jpg\" class=\"attachment-thumbnail size-thumbnail\" alt=\"\" decoding=\"async\" loading=\"lazy\" \/><\/a>\n\t\t\t<\/div><\/figure><figure class='gallery-item'>\n\t\t\t<div class='gallery-icon landscape'>\n\t\t\t\t<a href='http:\/\/www.atelierdesylvie.be\/?attachment_id=1289'><img width=\"150\" height=\"150\" src=\"http:\/\/www.atelierdesylvie.be\/wp-content\/uploads\/2017\/05\/baby-shower-150x150.jpg\" class=\"attachment-thumbnail size-thumbnail\" alt=\"\" decoding=\"async\" loading=\"lazy\" \/><\/a>\n\t\t\t<\/div><\/figure><figure class='gallery-item'>\n\t\t\t<div class='gallery-icon portrait'>\n\t\t\t\t<a href='http:\/\/www.atelierdesylvie.be\/?attachment_id=1284'><img width=\"150\" height=\"150\" src=\"http:\/\/www.atelierdesylvie.be\/wp-content\/uploads\/2017\/05\/popcake-color\u00e9-150x150.jpg\" class=\"attachment-thumbnail size-thumbnail\" alt=\"\" decoding=\"async\" loading=\"lazy\" \/><\/a>\n\t\t\t<\/div><\/figure><figure class='gallery-item'>\n\t\t\t<div class='gallery-icon landscape'>\n\t\t\t\t<a href='http:\/\/www.atelierdesylvie.be\/?attachment_id=1283'><img width=\"150\" height=\"150\" src=\"http:\/\/www.atelierdesylvie.be\/wp-content\/uploads\/2017\/05\/cupcake-r\u00e9d-150x150.jpg\" class=\"attachment-thumbnail size-thumbnail\" alt=\"\" decoding=\"async\" loading=\"lazy\" \/><\/a>\n\t\t\t<\/div><\/figure>\n\t\t<\/div>\n\n<p>&nbsp;<\/p>\n<p>&nbsp;<\/p>\n","protected":false},"excerpt":{"rendered":"<p>L&rsquo;Atelier de Sylvie propose des cup&amp;popcakes pour vos anniversaires, naissances, \u00e9v\u00e9nements et r\u00e9ceptions. Vanille, chocolat,&#8230;<\/p>\n<div class=\"more-link-wrapper\"><a class=\"more-link\" href=\"http:\/\/www.atelierdesylvie.be\/?page_id=591\">Read the post<span class=\"screen-reader-text\">Cup&#038;popcakes<\/span><\/a><\/div>\n","protected":false},"author":1,"featured_media":0,"parent":0,"menu_order":0,"comment_status":"open","ping_status":"open","template":"","meta":[],"_links":{"self":[{"href":"http:\/\/www.atelierdesylvie.be\/index.php?rest_route=\/wp\/v2\/pages\/591"}],"collection":[{"href":"http:\/\/www.atelierdesylvie.be\/index.php?rest_route=\/wp\/v2\/pages"}],"about":[{"href":"http:\/\/www.atelierdesylvie.be\/index.php?rest_route=\/wp\/v2\/types\/page"}],"author":[{"embeddable":true,"href":"http:\/\/www.atelierdesylvie.be\/index.php?rest_route=\/wp\/v2\/users\/1"}],"replies":[{"embeddable":true,"href":"http:\/\/www.atelierdesylvie.be\/index.php?rest_route=%2Fwp%2Fv2%2Fcomments&post=591"}],"version-history":[{"count":15,"href":"http:\/\/www.atelierdesylvie.be\/index.php?rest_route=\/wp\/v2\/pages\/591\/revisions"}],"predecessor-version":[{"id":3432,"href":"http:\/\/www.atelierdesylvie.be\/index.php?rest_route=\/wp\/v2\/pages\/591\/revisions\/3432"}],"wp:attachment":[{"href":"http:\/\/www.atelierdesylvie.be\/index.php?rest_route=%2Fwp%2Fv2%2Fmedia&parent=591"}],"curies":[{"name":"wp","href":"https:\/\/api.w.org\/{rel}","templated":true}]}}