{"id":1210,"date":"2016-11-24T18:00:06","date_gmt":"2016-11-24T17:00:06","guid":{"rendered":"http:\/\/www.atelierdesylvie.be\/wp-content\/uploads\/2016\/11\/Pr\u00e9sentation-cr\u00e8me-fraichefacebook.jpg"},"modified":"2016-11-24T18:00:50","modified_gmt":"2016-11-24T17:00:50","slug":"presentation-creme-fraichefacebook","status":"inherit","type":"attachment","link":"https:\/\/www.atelierdesylvie.be\/?attachment_id=1210","title":{"rendered":"Cr\u00e8me douce aux fruits"},"author":1,"comment_status":"open","ping_status":"closed","template":"","meta":[],"description":{"rendered":"<p class=\"attachment\"><a href='https:\/\/www.atelierdesylvie.be\/wp-content\/uploads\/2016\/11\/Pr\u00e9sentation-cr\u00e8me-fraichefacebook.jpg'><img width=\"300\" height=\"208\" src=\"https:\/\/www.atelierdesylvie.be\/wp-content\/uploads\/2016\/11\/Pr\u00e9sentation-cr\u00e8me-fraichefacebook-300x208.jpg\" class=\"attachment-medium size-medium\" alt=\"\" decoding=\"async\" loading=\"lazy\" srcset=\"https:\/\/www.atelierdesylvie.be\/wp-content\/uploads\/2016\/11\/Pr\u00e9sentation-cr\u00e8me-fraichefacebook-300x208.jpg 300w, https:\/\/www.atelierdesylvie.be\/wp-content\/uploads\/2016\/11\/Pr\u00e9sentation-cr\u00e8me-fraichefacebook-768x532.jpg 768w, https:\/\/www.atelierdesylvie.be\/wp-content\/uploads\/2016\/11\/Pr\u00e9sentation-cr\u00e8me-fraichefacebook-1024x709.jpg 1024w, https:\/\/www.atelierdesylvie.be\/wp-content\/uploads\/2016\/11\/Pr\u00e9sentation-cr\u00e8me-fraichefacebook-506x350.jpg 506w\" sizes=\"(max-width: 300px) 100vw, 300px\" \/><\/a><\/p>\n"},"caption":{"rendered":""},"alt_text":"","media_type":"image","mime_type":"image\/jpeg","media_details":{"width":5120,"height":3544,"file":"2016\/11\/Pr\u00e9sentation-cr\u00e8me-fraichefacebook.jpg","sizes":{"thumbnail":{"file":"Pr\u00e9sentation-cr\u00e8me-fraichefacebook-150x150.jpg","width":150,"height":150,"mime_type":"image\/jpeg","source_url":"https:\/\/www.atelierdesylvie.be\/wp-content\/uploads\/2016\/11\/Pr\u00e9sentation-cr\u00e8me-fraichefacebook-150x150.jpg"},"medium":{"file":"Pr\u00e9sentation-cr\u00e8me-fraichefacebook-300x208.jpg","width":300,"height":208,"mime_type":"image\/jpeg","source_url":"https:\/\/www.atelierdesylvie.be\/wp-content\/uploads\/2016\/11\/Pr\u00e9sentation-cr\u00e8me-fraichefacebook-300x208.jpg"},"medium_large":{"file":"Pr\u00e9sentation-cr\u00e8me-fraichefacebook-768x532.jpg","width":768,"height":532,"mime_type":"image\/jpeg","source_url":"https:\/\/www.atelierdesylvie.be\/wp-content\/uploads\/2016\/11\/Pr\u00e9sentation-cr\u00e8me-fraichefacebook-768x532.jpg"},"large":{"file":"Pr\u00e9sentation-cr\u00e8me-fraichefacebook-1024x709.jpg","width":1024,"height":709,"mime_type":"image\/jpeg","source_url":"https:\/\/www.atelierdesylvie.be\/wp-content\/uploads\/2016\/11\/Pr\u00e9sentation-cr\u00e8me-fraichefacebook-1024x709.jpg"},"blog":{"file":"Pr\u00e9sentation-cr\u00e8me-fraichefacebook-506x350.jpg","width":506,"height":350,"mime_type":"image\/jpeg","source_url":"https:\/\/www.atelierdesylvie.be\/wp-content\/uploads\/2016\/11\/Pr\u00e9sentation-cr\u00e8me-fraichefacebook-506x350.jpg"},"full":{"file":"Pr\u00e9sentation-cr\u00e8me-fraichefacebook.jpg","width":5120,"height":3544,"mime_type":"image\/jpeg","source_url":"https:\/\/www.atelierdesylvie.be\/wp-content\/uploads\/2016\/11\/Pr\u00e9sentation-cr\u00e8me-fraichefacebook.jpg"}},"image_meta":{"aperture":"0","credit":"Picasa","camera":"","caption":"Les f\u00eates approchent!Il est temps de vous proposer nos b\u00fbches et dessertsde fin d'ann\u00e9e","created_timestamp":"1479333213","copyright":"","focal_length":"0","iso":"0","shutter_speed":"0","title":"","orientation":"0","keywords":[]}},"post":null,"source_url":"https:\/\/www.atelierdesylvie.be\/wp-content\/uploads\/2016\/11\/Pr\u00e9sentation-cr\u00e8me-fraichefacebook.jpg","_links":{"self":[{"href":"https:\/\/www.atelierdesylvie.be\/index.php?rest_route=\/wp\/v2\/media\/1210"}],"collection":[{"href":"https:\/\/www.atelierdesylvie.be\/index.php?rest_route=\/wp\/v2\/media"}],"about":[{"href":"https:\/\/www.atelierdesylvie.be\/index.php?rest_route=\/wp\/v2\/types\/attachment"}],"author":[{"embeddable":true,"href":"https:\/\/www.atelierdesylvie.be\/index.php?rest_route=\/wp\/v2\/users\/1"}],"replies":[{"embeddable":true,"href":"https:\/\/www.atelierdesylvie.be\/index.php?rest_route=%2Fwp%2Fv2%2Fcomments&post=1210"}]}}

http://www.atelierdesylvie.be/wp-content/uploads/2016/11/Présentation-crème-fraichefacebook.jpg

Crème douce aux fruits

<p class="attachment"><a href='https://www.atelierdesylvie.be/wp-content/uploads/2016/11/Présentation-crème-fraichefacebook.jpg'><img width="300" height="208" src="https://www.atelierdesylvie.be/wp-content/uploads/2016/11/Présentation-crème-fraichefacebook-300x208.jpg" class="attachment-medium size-medium" alt="" decoding="async" loading="lazy" srcset="https://www.atelierdesylvie.be/wp-content/uploads/2016/11/Présentation-crème-fraichefacebook-300x208.jpg 300w, https://www.atelierdesylvie.be/wp-content/uploads/2016/11/Présentation-crème-fraichefacebook-768x532.jpg 768w, https://www.atelierdesylvie.be/wp-content/uploads/2016/11/Présentation-crème-fraichefacebook-1024x709.jpg 1024w, https://www.atelierdesylvie.be/wp-content/uploads/2016/11/Présentation-crème-fraichefacebook-506x350.jpg 506w" sizes="(max-width: 300px) 100vw, 300px" /></a></p>

2016/11/Présentation-crème-fraichefacebook.jpg

Présentation-crème-fraichefacebook-150x150.jpg

https://www.atelierdesylvie.be/wp-content/uploads/2016/11/Présentation-crème-fraichefacebook-150x150.jpg

Présentation-crème-fraichefacebook-300x208.jpg

https://www.atelierdesylvie.be/wp-content/uploads/2016/11/Présentation-crème-fraichefacebook-300x208.jpg

Présentation-crème-fraichefacebook-768x532.jpg

https://www.atelierdesylvie.be/wp-content/uploads/2016/11/Présentation-crème-fraichefacebook-768x532.jpg

Présentation-crème-fraichefacebook-1024x709.jpg

https://www.atelierdesylvie.be/wp-content/uploads/2016/11/Présentation-crème-fraichefacebook-1024x709.jpg

Présentation-crème-fraichefacebook-506x350.jpg

https://www.atelierdesylvie.be/wp-content/uploads/2016/11/Présentation-crème-fraichefacebook-506x350.jpg

Présentation-crème-fraichefacebook.jpg

https://www.atelierdesylvie.be/wp-content/uploads/2016/11/Présentation-crème-fraichefacebook.jpg

Les fêtes approchent!Il est temps de vous proposer nos bûches et dessertsde fin d'année
