{"id":721,"date":"2015-07-28T12:30:20","date_gmt":"2015-07-28T11:30:20","guid":{"rendered":"http:\/\/www.atelierdesylvie.be\/wp-content\/uploads\/2015\/07\/Pi\u00e8ce-mont\u00e9e-anniversaire-de-mariage.jpg"},"modified":"2015-07-28T12:30:20","modified_gmt":"2015-07-28T11:30:20","slug":"piece-montee-anniversaire-de-mariage","status":"inherit","type":"attachment","link":"https:\/\/www.atelierdesylvie.be\/?attachment_id=721","title":{"rendered":"Pi\u00e8ce mont\u00e9e anniversaire de mariage"},"author":1,"comment_status":"open","ping_status":"open","template":"","meta":[],"description":{"rendered":"<p class=\"attachment\"><a href='https:\/\/www.atelierdesylvie.be\/wp-content\/uploads\/2015\/07\/Pi\u00e8ce-mont\u00e9e-anniversaire-de-mariage.jpg'><img width=\"300\" height=\"199\" src=\"https:\/\/www.atelierdesylvie.be\/wp-content\/uploads\/2015\/07\/Pi\u00e8ce-mont\u00e9e-anniversaire-de-mariage-300x199.jpg\" class=\"attachment-medium size-medium\" alt=\"\" decoding=\"async\" loading=\"lazy\" srcset=\"https:\/\/www.atelierdesylvie.be\/wp-content\/uploads\/2015\/07\/Pi\u00e8ce-mont\u00e9e-anniversaire-de-mariage-300x199.jpg 300w, https:\/\/www.atelierdesylvie.be\/wp-content\/uploads\/2015\/07\/Pi\u00e8ce-mont\u00e9e-anniversaire-de-mariage-527x350.jpg 527w, https:\/\/www.atelierdesylvie.be\/wp-content\/uploads\/2015\/07\/Pi\u00e8ce-mont\u00e9e-anniversaire-de-mariage.jpg 544w\" sizes=\"(max-width: 300px) 100vw, 300px\" \/><\/a><\/p>\n"},"caption":{"rendered":""},"alt_text":"","media_type":"image","mime_type":"image\/jpeg","media_details":{"width":544,"height":361,"file":"2015\/07\/Pi\u00e8ce-mont\u00e9e-anniversaire-de-mariage.jpg","sizes":{"thumbnail":{"file":"Pi\u00e8ce-mont\u00e9e-anniversaire-de-mariage-150x150.jpg","width":150,"height":150,"mime_type":"image\/jpeg","source_url":"https:\/\/www.atelierdesylvie.be\/wp-content\/uploads\/2015\/07\/Pi\u00e8ce-mont\u00e9e-anniversaire-de-mariage-150x150.jpg"},"medium":{"file":"Pi\u00e8ce-mont\u00e9e-anniversaire-de-mariage-300x199.jpg","width":300,"height":199,"mime_type":"image\/jpeg","source_url":"https:\/\/www.atelierdesylvie.be\/wp-content\/uploads\/2015\/07\/Pi\u00e8ce-mont\u00e9e-anniversaire-de-mariage-300x199.jpg"},"blog":{"file":"Pi\u00e8ce-mont\u00e9e-anniversaire-de-mariage-527x350.jpg","width":527,"height":350,"mime_type":"image\/jpeg","source_url":"https:\/\/www.atelierdesylvie.be\/wp-content\/uploads\/2015\/07\/Pi\u00e8ce-mont\u00e9e-anniversaire-de-mariage-527x350.jpg"},"full":{"file":"Pi\u00e8ce-mont\u00e9e-anniversaire-de-mariage.jpg","width":544,"height":361,"mime_type":"image\/jpeg","source_url":"https:\/\/www.atelierdesylvie.be\/wp-content\/uploads\/2015\/07\/Pi\u00e8ce-mont\u00e9e-anniversaire-de-mariage.jpg"}},"image_meta":{"aperture":5.5999999999999996447286321199499070644378662109375,"credit":"","camera":"NIKON D7000","caption":"","created_timestamp":1432415624,"copyright":"","focal_length":"38","iso":"200","shutter_speed":"0.008","title":"","orientation":0}},"post":null,"source_url":"https:\/\/www.atelierdesylvie.be\/wp-content\/uploads\/2015\/07\/Pi\u00e8ce-mont\u00e9e-anniversaire-de-mariage.jpg","_links":{"self":[{"href":"https:\/\/www.atelierdesylvie.be\/index.php?rest_route=\/wp\/v2\/media\/721"}],"collection":[{"href":"https:\/\/www.atelierdesylvie.be\/index.php?rest_route=\/wp\/v2\/media"}],"about":[{"href":"https:\/\/www.atelierdesylvie.be\/index.php?rest_route=\/wp\/v2\/types\/attachment"}],"author":[{"embeddable":true,"href":"https:\/\/www.atelierdesylvie.be\/index.php?rest_route=\/wp\/v2\/users\/1"}],"replies":[{"embeddable":true,"href":"https:\/\/www.atelierdesylvie.be\/index.php?rest_route=%2Fwp%2Fv2%2Fcomments&post=721"}]}}

http://www.atelierdesylvie.be/wp-content/uploads/2015/07/Pièce-montée-anniversaire-de-mariage.jpg

Pièce montée anniversaire de mariage

<p class="attachment"><a href='https://www.atelierdesylvie.be/wp-content/uploads/2015/07/Pièce-montée-anniversaire-de-mariage.jpg'><img width="300" height="199" src="https://www.atelierdesylvie.be/wp-content/uploads/2015/07/Pièce-montée-anniversaire-de-mariage-300x199.jpg" class="attachment-medium size-medium" alt="" decoding="async" loading="lazy" srcset="https://www.atelierdesylvie.be/wp-content/uploads/2015/07/Pièce-montée-anniversaire-de-mariage-300x199.jpg 300w, https://www.atelierdesylvie.be/wp-content/uploads/2015/07/Pièce-montée-anniversaire-de-mariage-527x350.jpg 527w, https://www.atelierdesylvie.be/wp-content/uploads/2015/07/Pièce-montée-anniversaire-de-mariage.jpg 544w" sizes="(max-width: 300px) 100vw, 300px" /></a></p>

2015/07/Pièce-montée-anniversaire-de-mariage.jpg

Pièce-montée-anniversaire-de-mariage-150x150.jpg

https://www.atelierdesylvie.be/wp-content/uploads/2015/07/Pièce-montée-anniversaire-de-mariage-150x150.jpg

Pièce-montée-anniversaire-de-mariage-300x199.jpg

https://www.atelierdesylvie.be/wp-content/uploads/2015/07/Pièce-montée-anniversaire-de-mariage-300x199.jpg

Pièce-montée-anniversaire-de-mariage-527x350.jpg

https://www.atelierdesylvie.be/wp-content/uploads/2015/07/Pièce-montée-anniversaire-de-mariage-527x350.jpg

Pièce-montée-anniversaire-de-mariage.jpg

https://www.atelierdesylvie.be/wp-content/uploads/2015/07/Pièce-montée-anniversaire-de-mariage.jpg
